{"id":330,"date":"2024-01-20T19:14:28","date_gmt":"2024-01-20T19:14:28","guid":{"rendered":"https:\/\/mvheigenbrcken2024.live-website.com\/?page_id=330"},"modified":"2024-01-21T13:12:08","modified_gmt":"2024-01-21T13:12:08","slug":"instrumentalausbildung","status":"publish","type":"page","link":"https:\/\/www.musikverein-heigenbruecken.de\/?page_id=330","title":{"rendered":"Instrumentalausbildung"},"content":{"rendered":"\n<div class=\"wp-block-cover alignfull has-custom-content-position is-position-top-center\" style=\"min-height:1576px;aspect-ratio:unset;\"><span aria-hidden=\"true\" class=\"wp-block-cover__background has-nv-light-bg-background-color has-background-dim-100 has-background-dim\"><\/span><div class=\"wp-block-cover__inner-container is-layout-constrained wp-block-cover-is-layout-constrained\">\n<div style=\"height:27px\" aria-hidden=\"true\" class=\"wp-block-spacer\"><\/div>\n\n\n\n<p class=\"has-text-align-center has-neve-text-color-color has-text-color has-link-color has-large-font-size wp-elements-3691b879b19f41a72eee8eced7b84aca\">Instrumentalausbildung im Musikverein Heigenbr\u00fccken<\/p>\n\n\n\n<div class=\"wp-block-group alignwide\"><div class=\"wp-block-group__inner-container is-layout-constrained wp-block-group-is-layout-constrained\">\n<div class=\"wp-block-group\"><div class=\"wp-block-group__inner-container is-layout-constrained wp-block-group-is-layout-constrained\">\n<p class=\"has-text-align-center has-neve-text-color-color has-text-color has-link-color wp-elements-fdf50a3563fbb8bdc41e6ca23ce039b2\">Trompete oder Klarinette, Posaune oder Schlagzeug, Akkordeon oder Gitarre &#8211;&nbsp;<br>Welches Instrument ist das Richtige ?<\/p>\n<\/div><\/div>\n\n\n\n<p class=\"has-text-align-center has-neve-text-color-color has-text-color has-link-color wp-elements-6f0a91a6c4f5637105043c736b07e728\">NACHWUCHS wird bei uns GROSS geschrieben. Ein Musikverein lebt von der&nbsp;<br>Jugendarbeit, denn nur Sie gew\u00e4hrleistet den Fortbestand einer Kapelle auf&nbsp;<br>einem hohen musikalischen Niveau.<\/p>\n\n\n\n<p class=\"has-text-align-center has-neve-text-color-color has-text-color has-link-color wp-elements-99f07bf7f1aa011146fbfb0fb32cb0d4\">Doch welches Instrument passt zu mir? Das ist sicherlich nicht einfach&nbsp;<br>herauszufinden. Es gibt weder den g\u00fcnstigsten Zeitpunkt, um mit dem Instrumental-<br>unterricht zu beginnen, noch das ideale Instrument.<\/p>\n\n\n\n<p class=\"has-text-align-center has-neve-text-color-color has-text-color has-link-color wp-elements-9874d283b30b7f46a5603dd4b0bdb40c\">F\u00fcr einen fr\u00fchen Einstieg in die Welt des Musizierens sind manchmal nat\u00fcrliche&nbsp;<br>Grenzen gesetzt. Saxophon und Tuba sind ziemlich grosse und schwere Instrumente.<br>Wer Klarinette spielen m\u00f6chte, muss einem ziemlich hohen Staudruck gewachsen sein.<br>Wenn die Wahl auf ein Blasinstrument f\u00e4llt, sind ein angemessenes Lungenvolumen&nbsp;<br>eine wesentliche Voraussetzung. F\u00fcr das Erlernen des Schlagzeuges fehlt in der Regel&nbsp;<br>bis zum 10. Lebensjahr das notwendige Koordinationsverm\u00f6gen.<\/p>\n\n\n\n<p class=\"has-text-align-center has-neve-text-color-color has-text-color has-link-color wp-elements-53d8adc5ecc7a04b02c4d30b6ee4709c\">Diese und weitere Fragen gilt es in einem ersten Gespr\u00e4ch mit den Ausbildern zu kl\u00e4ren.<\/p>\n\n\n\n<p class=\"has-text-align-center has-neve-text-color-color has-text-color has-link-color wp-elements-af15509c7540a59658c33175f2f1ead1\"><strong>Instrumentalausbildung im Musikverein Heigenbr\u00fccken:<\/strong><\/p>\n\n\n\n<p class=\"has-text-align-center has-neve-text-color-color has-text-color has-link-color wp-elements-6a413ff5c1b099e618c20f1394fa20ad\">Die Ausbildung erfolgt durch qualifizierte und erfahrene Musiker(innen).<br>Dabei werden alle notwendigen Kenntnisse und Fertigkeiten vermittelt, die zum&nbsp;<br>Erlernen des Instrumentes notwendig sind ( Ansatz, Atmungstechnik,&nbsp;<br>Notenlehre, allgemeine Musiklehre).<br>Der Unterricht erfolgt in Einzel oder Gruppenausbildung. Weiterhin haben die Z\u00f6glinge die M\u00f6glichkeit, an Workshops und Fortbildungskursen unseres Dachverbandes, dem Blasmusikverband Vorspessart (<a href=\"http:\/\/www.blasmusikverband-vorspessart.de\/\">www.blasmusikverband-vorspessart.de<\/a>) teilzunehmen.&nbsp;<br>Oftmals der H\u00f6hepunkt in einem jungen Musikerleben, ist die Teilnahme an dem Jugendmusiktag, der j\u00e4hrlich veranstaltet wird. An diesem Tag treffen sich hunderte Jungmusiker aus dem gesamten Landkreis um zu lernen und zusammen zu musizieren. Die einstudierten&nbsp;<br>St\u00fccke, werden im Rahmen eines Konzertes als Abschluss des Tages den begeisterten&nbsp;<br>Eltern vorgetragen.<\/p>\n\n\n\n<p class=\"has-text-align-center has-neve-text-color-color has-text-color has-link-color wp-elements-9048995dd3565542e0f0edf512a4fd01\"><strong>Ziel der Ausbildung<\/strong><\/p>\n\n\n\n<p class=\"has-text-align-center has-neve-text-color-color has-text-color has-link-color wp-elements-da1ef1cb653bb20baf697730975efc1e\">Ziel der Ausbildung ist das Absolvieren des Bronzenen&nbsp;<br>Jungmusikerleistungsabzeichen und der Eintritt in die aktive Kapelle, um den&nbsp;<br>Kindern den Spass am Musizieren hautnah erleben zu lassen.<br>Zuvor zeigen die Jungmusiker bei verschiedenen vereinsinternen Anl\u00e4ssen<br>(Generalversammlung, Nikolausfeier Ehrungen usw.) Ihr K\u00f6nnen.<\/p>\n\n\n\n<p class=\"has-text-align-center has-neve-text-color-color has-text-color has-link-color wp-elements-1636348d28fa9a8826fb10766b8c9001\"><strong>Instrumente und Ausbilder im Musikverein Heigenbr\u00fccken:<\/strong><\/p>\n\n\n\n<p class=\"has-text-align-center has-neve-text-color-color has-text-color has-link-color wp-elements-486ee4e0fb65c3c47d4c6095efc01162\">Der Bedarf an Jungmusikern ist gro\u00df und die Auswahl des richtigen Instrumentes ist in einigen F\u00e4llen keine leichte Entscheidung. Kontaktieren Sie uns bei Interesse an einer Instrumentalausbildung. Wir informieren Sie dann \u00fcber das aktuelle Angebot und \u00fcber M\u00f6glichkeiten im Verein.<\/p>\n\n\n\n<p class=\"has-text-align-center has-neve-text-color-color has-text-color has-link-color wp-elements-fdeff702a47551a7c246fcb99796193d\">Ein &#8222;Instrumenten-Karussell&#8220;, bei dem alle Instrumente auch einmal ausprobiert werden k\u00f6nnen, kann organisiert werden. Sprechen Sie uns an!<\/p>\n<\/div><\/div>\n<\/div><\/div>\n\n\n\n<div class=\"wp-block-cover alignfull is-light\" style=\"min-height:423px;aspect-ratio:unset;\"><span aria-hidden=\"true\" class=\"wp-block-cover__background has-nv-dark-bg-background-color has-background-dim-100 has-background-dim\"><\/span><div class=\"wp-block-cover__inner-container is-layout-flow wp-block-cover-is-layout-flow\">\n<div style=\"height:0px\" aria-hidden=\"true\" class=\"wp-block-spacer\"><\/div>\n\n\n\n<h2 class=\"wp-block-heading alignwide has-text-align-center has-nv-text-dark-bg-color has-text-color has-link-color has-large-font-size wp-elements-acbd5a4769c82124e73ce5602e4ff3ef\">Ihr habt Fragen? Wir freuen uns auf Eure Nachricht!<\/h2>\n\n\n\n<div class=\"wp-block-buttons is-content-justification-center is-layout-flex wp-container-core-buttons-is-layout-16018d1d wp-block-buttons-is-layout-flex\">\n<div class=\"wp-block-button is-style-primary\"><a class=\"wp-block-button__link wp-element-button\" href=\"https:\/\/mvheigenbrcken2024.live-website.com\/contact\">Kontakt<\/a><\/div>\n<\/div>\n\n\n\n<div class=\"wp-block-group alignwide\"><div class=\"wp-block-group__inner-container is-layout-constrained wp-block-group-is-layout-constrained\">\n<ul class=\"wp-block-social-links alignright has-large-icon-size is-content-justification-left is-layout-flex wp-container-core-social-links-is-layout-fdcfc74e wp-block-social-links-is-layout-flex\"><li class=\"wp-social-link wp-social-link-facebook  wp-block-social-link\"><a rel=\"noopener nofollow\" target=\"_blank\" href=\"https:\/\/www.facebook.com\/mvheigenbruecken\" class=\"wp-block-social-link-anchor\"><svg width=\"24\" height=\"24\" viewBox=\"0 0 24 24\" version=\"1.1\" xmlns=\"http:\/\/www.w3.org\/2000\/svg\" aria-hidden=\"true\" focusable=\"false\"><path d=\"M12 2C6.5 2 2 6.5 2 12c0 5 3.7 9.1 8.4 9.9v-7H7.9V12h2.5V9.8c0-2.5 1.5-3.9 3.8-3.9 1.1 0 2.2.2 2.2.2v2.5h-1.3c-1.2 0-1.6.8-1.6 1.6V12h2.8l-.4 2.9h-2.3v7C18.3 21.1 22 17 22 12c0-5.5-4.5-10-10-10z\"><\/path><\/svg><span class=\"wp-block-social-link-label screen-reader-text\">Facebook<\/span><\/a><\/li>\n\n<li class=\"wp-social-link wp-social-link-instagram  wp-block-social-link\"><a rel=\"noopener nofollow\" target=\"_blank\" href=\"https:\/\/www.instagram.com\/musikverein_heigenbruecken\" class=\"wp-block-social-link-anchor\"><svg width=\"24\" height=\"24\" viewBox=\"0 0 24 24\" version=\"1.1\" xmlns=\"http:\/\/www.w3.org\/2000\/svg\" aria-hidden=\"true\" focusable=\"false\"><path d=\"M12,4.622c2.403,0,2.688,0.009,3.637,0.052c0.877,0.04,1.354,0.187,1.671,0.31c0.42,0.163,0.72,0.358,1.035,0.673 c0.315,0.315,0.51,0.615,0.673,1.035c0.123,0.317,0.27,0.794,0.31,1.671c0.043,0.949,0.052,1.234,0.052,3.637 s-0.009,2.688-0.052,3.637c-0.04,0.877-0.187,1.354-0.31,1.671c-0.163,0.42-0.358,0.72-0.673,1.035 c-0.315,0.315-0.615,0.51-1.035,0.673c-0.317,0.123-0.794,0.27-1.671,0.31c-0.949,0.043-1.233,0.052-3.637,0.052 s-2.688-0.009-3.637-0.052c-0.877-0.04-1.354-0.187-1.671-0.31c-0.42-0.163-0.72-0.358-1.035-0.673 c-0.315-0.315-0.51-0.615-0.673-1.035c-0.123-0.317-0.27-0.794-0.31-1.671C4.631,14.688,4.622,14.403,4.622,12 s0.009-2.688,0.052-3.637c0.04-0.877,0.187-1.354,0.31-1.671c0.163-0.42,0.358-0.72,0.673-1.035 c0.315-0.315,0.615-0.51,1.035-0.673c0.317-0.123,0.794-0.27,1.671-0.31C9.312,4.631,9.597,4.622,12,4.622 M12,3 C9.556,3,9.249,3.01,8.289,3.054C7.331,3.098,6.677,3.25,6.105,3.472C5.513,3.702,5.011,4.01,4.511,4.511 c-0.5,0.5-0.808,1.002-1.038,1.594C3.25,6.677,3.098,7.331,3.054,8.289C3.01,9.249,3,9.556,3,12c0,2.444,0.01,2.751,0.054,3.711 c0.044,0.958,0.196,1.612,0.418,2.185c0.23,0.592,0.538,1.094,1.038,1.594c0.5,0.5,1.002,0.808,1.594,1.038 c0.572,0.222,1.227,0.375,2.185,0.418C9.249,20.99,9.556,21,12,21s2.751-0.01,3.711-0.054c0.958-0.044,1.612-0.196,2.185-0.418 c0.592-0.23,1.094-0.538,1.594-1.038c0.5-0.5,0.808-1.002,1.038-1.594c0.222-0.572,0.375-1.227,0.418-2.185 C20.99,14.751,21,14.444,21,12s-0.01-2.751-0.054-3.711c-0.044-0.958-0.196-1.612-0.418-2.185c-0.23-0.592-0.538-1.094-1.038-1.594 c-0.5-0.5-1.002-0.808-1.594-1.038c-0.572-0.222-1.227-0.375-2.185-0.418C14.751,3.01,14.444,3,12,3L12,3z M12,7.378 c-2.552,0-4.622,2.069-4.622,4.622S9.448,16.622,12,16.622s4.622-2.069,4.622-4.622S14.552,7.378,12,7.378z M12,15 c-1.657,0-3-1.343-3-3s1.343-3,3-3s3,1.343,3,3S13.657,15,12,15z M16.804,6.116c-0.596,0-1.08,0.484-1.08,1.08 s0.484,1.08,1.08,1.08c0.596,0,1.08-0.484,1.08-1.08S17.401,6.116,16.804,6.116z\"><\/path><\/svg><span class=\"wp-block-social-link-label screen-reader-text\">Instagram<\/span><\/a><\/li><\/ul>\n<\/div><\/div>\n\n\n\n<div style=\"height:0px\" aria-hidden=\"true\" class=\"wp-block-spacer\"><\/div>\n\n\n\n<div class=\"wp-block-group alignwide\"><div class=\"wp-block-group__inner-container is-layout-constrained wp-block-group-is-layout-constrained\">\n<p class=\"has-text-align-right has-nv-site-bg-color has-text-color has-link-color wp-elements-10cf46e3a03fb300c792170a8cb15956\"><a href=\"https:\/\/mvheigenbrcken2024.live-website.com\/impressum\" data-type=\"page\" data-id=\"143\">Impressum<\/a> | <a href=\"https:\/\/mvheigenbrcken2024.live-website.com\/datenschutzerklaerung\" data-type=\"page\" data-id=\"146\">Datenschutzerkl\u00e4rung<\/a> | <a href=\"https:\/\/mvheigenbrcken2024.live-website.com\/login\" data-type=\"page\" data-id=\"162\">Login<\/a><\/p>\n<\/div><\/div>\n<\/div><\/div>\n","protected":false},"excerpt":{"rendered":"","protected":false},"author":1,"featured_media":0,"parent":9,"menu_order":0,"comment_status":"closed","ping_status":"closed","template":"","meta":{"neve_meta_sidebar":"","neve_meta_container":"","neve_meta_enable_content_width":"","neve_meta_content_width":0,"neve_meta_title_alignment":"","neve_meta_author_avatar":"","neve_post_elements_order":"","neve_meta_disable_header":"","neve_meta_disable_footer":"on","neve_meta_disable_title":"on","footnotes":""},"class_list":["post-330","page","type-page","status-publish","hentry"],"yoast_head":"<!-- This site is optimized with the Yoast SEO plugin v27.1.1 - https:\/\/yoast.com\/product\/yoast-seo-wordpress\/ -->\n<title>Instrumentalausbildung - Musikverein 1960 Heigenbr\u00fccken e.V.<\/title>\n<meta name=\"robots\" content=\"index, follow, max-snippet:-1, max-image-preview:large, max-video-preview:-1\" \/>\n<link rel=\"canonical\" href=\"https:\/\/www.musikverein-heigenbruecken.de\/?page_id=330\" \/>\n<meta property=\"og:locale\" content=\"de_DE\" \/>\n<meta property=\"og:type\" content=\"article\" \/>\n<meta property=\"og:title\" content=\"Instrumentalausbildung - Musikverein 1960 Heigenbr\u00fccken e.V.\" \/>\n<meta property=\"og:url\" content=\"https:\/\/www.musikverein-heigenbruecken.de\/?page_id=330\" \/>\n<meta property=\"og:site_name\" content=\"Musikverein 1960 Heigenbr\u00fccken e.V.\" \/>\n<meta property=\"article:publisher\" content=\"https:\/\/www.facebook.com\/mvheigenbruecken\/\" \/>\n<meta property=\"article:modified_time\" content=\"2024-01-21T13:12:08+00:00\" \/>\n<meta name=\"twitter:card\" content=\"summary_large_image\" \/>\n<meta name=\"twitter:label1\" content=\"Gesch\u00e4tzte Lesezeit\" \/>\n\t<meta name=\"twitter:data1\" content=\"2\u00a0Minuten\" \/>\n<script type=\"application\/ld+json\" class=\"yoast-schema-graph\">{\"@context\":\"https:\/\/schema.org\",\"@graph\":[{\"@type\":\"WebPage\",\"@id\":\"https:\/\/www.musikverein-heigenbruecken.de\/?page_id=330\",\"url\":\"https:\/\/www.musikverein-heigenbruecken.de\/?page_id=330\",\"name\":\"Instrumentalausbildung - Musikverein 1960 Heigenbr\u00fccken e.V.\",\"isPartOf\":{\"@id\":\"http:\/\/www.musikverein-heigenbruecken.de\/#website\"},\"datePublished\":\"2024-01-20T19:14:28+00:00\",\"dateModified\":\"2024-01-21T13:12:08+00:00\",\"breadcrumb\":{\"@id\":\"https:\/\/www.musikverein-heigenbruecken.de\/?page_id=330#breadcrumb\"},\"inLanguage\":\"de\",\"potentialAction\":[{\"@type\":\"ReadAction\",\"target\":[\"https:\/\/www.musikverein-heigenbruecken.de\/?page_id=330\"]}]},{\"@type\":\"BreadcrumbList\",\"@id\":\"https:\/\/www.musikverein-heigenbruecken.de\/?page_id=330#breadcrumb\",\"itemListElement\":[{\"@type\":\"ListItem\",\"position\":1,\"name\":\"Startseite\",\"item\":\"http:\/\/www.musikverein-heigenbruecken.de\/\"},{\"@type\":\"ListItem\",\"position\":2,\"name\":\"Zum Verein\",\"item\":\"https:\/\/www.musikverein-heigenbruecken.de\/?page_id=9\"},{\"@type\":\"ListItem\",\"position\":3,\"name\":\"Instrumentalausbildung\"}]},{\"@type\":\"WebSite\",\"@id\":\"http:\/\/www.musikverein-heigenbruecken.de\/#website\",\"url\":\"http:\/\/www.musikverein-heigenbruecken.de\/\",\"name\":\"Musikverein 1960 Heigenbr\u00fccken e.V.\",\"description\":\"Blasmusik &amp; Unterhaltung aus Heigenbr\u00fccken\",\"publisher\":{\"@id\":\"http:\/\/www.musikverein-heigenbruecken.de\/#organization\"},\"potentialAction\":[{\"@type\":\"SearchAction\",\"target\":{\"@type\":\"EntryPoint\",\"urlTemplate\":\"http:\/\/www.musikverein-heigenbruecken.de\/?s={search_term_string}\"},\"query-input\":{\"@type\":\"PropertyValueSpecification\",\"valueRequired\":true,\"valueName\":\"search_term_string\"}}],\"inLanguage\":\"de\"},{\"@type\":\"Organization\",\"@id\":\"http:\/\/www.musikverein-heigenbruecken.de\/#organization\",\"name\":\"Musikverein 1960 Heigenbr\u00fccken e.V.\",\"url\":\"http:\/\/www.musikverein-heigenbruecken.de\/\",\"logo\":{\"@type\":\"ImageObject\",\"inLanguage\":\"de\",\"@id\":\"http:\/\/www.musikverein-heigenbruecken.de\/#\/schema\/logo\/image\/\",\"url\":\"https:\/\/www.musikverein-heigenbruecken.de\/wp-content\/uploads\/2024\/01\/image-edited.png\",\"contentUrl\":\"https:\/\/www.musikverein-heigenbruecken.de\/wp-content\/uploads\/2024\/01\/image-edited.png\",\"width\":434,\"height\":434,\"caption\":\"Musikverein 1960 Heigenbr\u00fccken e.V.\"},\"image\":{\"@id\":\"http:\/\/www.musikverein-heigenbruecken.de\/#\/schema\/logo\/image\/\"},\"sameAs\":[\"https:\/\/www.facebook.com\/mvheigenbruecken\/\",\"https:\/\/www.instagram.com\/musikverein_heigenbruecken\/\"]}]}<\/script>\n<!-- \/ Yoast SEO plugin. -->","yoast_head_json":{"title":"Instrumentalausbildung - Musikverein 1960 Heigenbr\u00fccken e.V.","robots":{"index":"index","follow":"follow","max-snippet":"max-snippet:-1","max-image-preview":"max-image-preview:large","max-video-preview":"max-video-preview:-1"},"canonical":"https:\/\/www.musikverein-heigenbruecken.de\/?page_id=330","og_locale":"de_DE","og_type":"article","og_title":"Instrumentalausbildung - Musikverein 1960 Heigenbr\u00fccken e.V.","og_url":"https:\/\/www.musikverein-heigenbruecken.de\/?page_id=330","og_site_name":"Musikverein 1960 Heigenbr\u00fccken e.V.","article_publisher":"https:\/\/www.facebook.com\/mvheigenbruecken\/","article_modified_time":"2024-01-21T13:12:08+00:00","twitter_card":"summary_large_image","twitter_misc":{"Gesch\u00e4tzte Lesezeit":"2\u00a0Minuten"},"schema":{"@context":"https:\/\/schema.org","@graph":[{"@type":"WebPage","@id":"https:\/\/www.musikverein-heigenbruecken.de\/?page_id=330","url":"https:\/\/www.musikverein-heigenbruecken.de\/?page_id=330","name":"Instrumentalausbildung - Musikverein 1960 Heigenbr\u00fccken e.V.","isPartOf":{"@id":"http:\/\/www.musikverein-heigenbruecken.de\/#website"},"datePublished":"2024-01-20T19:14:28+00:00","dateModified":"2024-01-21T13:12:08+00:00","breadcrumb":{"@id":"https:\/\/www.musikverein-heigenbruecken.de\/?page_id=330#breadcrumb"},"inLanguage":"de","potentialAction":[{"@type":"ReadAction","target":["https:\/\/www.musikverein-heigenbruecken.de\/?page_id=330"]}]},{"@type":"BreadcrumbList","@id":"https:\/\/www.musikverein-heigenbruecken.de\/?page_id=330#breadcrumb","itemListElement":[{"@type":"ListItem","position":1,"name":"Startseite","item":"http:\/\/www.musikverein-heigenbruecken.de\/"},{"@type":"ListItem","position":2,"name":"Zum Verein","item":"https:\/\/www.musikverein-heigenbruecken.de\/?page_id=9"},{"@type":"ListItem","position":3,"name":"Instrumentalausbildung"}]},{"@type":"WebSite","@id":"http:\/\/www.musikverein-heigenbruecken.de\/#website","url":"http:\/\/www.musikverein-heigenbruecken.de\/","name":"Musikverein 1960 Heigenbr\u00fccken e.V.","description":"Blasmusik &amp; Unterhaltung aus Heigenbr\u00fccken","publisher":{"@id":"http:\/\/www.musikverein-heigenbruecken.de\/#organization"},"potentialAction":[{"@type":"SearchAction","target":{"@type":"EntryPoint","urlTemplate":"http:\/\/www.musikverein-heigenbruecken.de\/?s={search_term_string}"},"query-input":{"@type":"PropertyValueSpecification","valueRequired":true,"valueName":"search_term_string"}}],"inLanguage":"de"},{"@type":"Organization","@id":"http:\/\/www.musikverein-heigenbruecken.de\/#organization","name":"Musikverein 1960 Heigenbr\u00fccken e.V.","url":"http:\/\/www.musikverein-heigenbruecken.de\/","logo":{"@type":"ImageObject","inLanguage":"de","@id":"http:\/\/www.musikverein-heigenbruecken.de\/#\/schema\/logo\/image\/","url":"https:\/\/www.musikverein-heigenbruecken.de\/wp-content\/uploads\/2024\/01\/image-edited.png","contentUrl":"https:\/\/www.musikverein-heigenbruecken.de\/wp-content\/uploads\/2024\/01\/image-edited.png","width":434,"height":434,"caption":"Musikverein 1960 Heigenbr\u00fccken e.V."},"image":{"@id":"http:\/\/www.musikverein-heigenbruecken.de\/#\/schema\/logo\/image\/"},"sameAs":["https:\/\/www.facebook.com\/mvheigenbruecken\/","https:\/\/www.instagram.com\/musikverein_heigenbruecken\/"]}]}},"_links":{"self":[{"href":"https:\/\/www.musikverein-heigenbruecken.de\/index.php?rest_route=\/wp\/v2\/pages\/330","targetHints":{"allow":["GET"]}}],"collection":[{"href":"https:\/\/www.musikverein-heigenbruecken.de\/index.php?rest_route=\/wp\/v2\/pages"}],"about":[{"href":"https:\/\/www.musikverein-heigenbruecken.de\/index.php?rest_route=\/wp\/v2\/types\/page"}],"author":[{"embeddable":true,"href":"https:\/\/www.musikverein-heigenbruecken.de\/index.php?rest_route=\/wp\/v2\/users\/1"}],"replies":[{"embeddable":true,"href":"https:\/\/www.musikverein-heigenbruecken.de\/index.php?rest_route=%2Fwp%2Fv2%2Fcomments&post=330"}],"version-history":[{"count":6,"href":"https:\/\/www.musikverein-heigenbruecken.de\/index.php?rest_route=\/wp\/v2\/pages\/330\/revisions"}],"predecessor-version":[{"id":362,"href":"https:\/\/www.musikverein-heigenbruecken.de\/index.php?rest_route=\/wp\/v2\/pages\/330\/revisions\/362"}],"up":[{"embeddable":true,"href":"https:\/\/www.musikverein-heigenbruecken.de\/index.php?rest_route=\/wp\/v2\/pages\/9"}],"wp:attachment":[{"href":"https:\/\/www.musikverein-heigenbruecken.de\/index.php?rest_route=%2Fwp%2Fv2%2Fmedia&parent=330"}],"curies":[{"name":"wp","href":"https:\/\/api.w.org\/{rel}","templated":true}]}}